{"id":824,"date":"2018-05-03T15:19:56","date_gmt":"2018-05-03T15:19:56","guid":{"rendered":"http:\/\/wpoffice\/enfold-lawyer\/?page_id=824"},"modified":"2021-10-21T12:05:44","modified_gmt":"2021-10-21T12:05:44","slug":"practice-areas","status":"publish","type":"page","link":"https:\/\/www.notariasagrarioalvarez.com\/index.php\/practice-areas\/","title":{"rendered":"Practice Areas"},"content":{"rendered":"<div id='av_section_1'  class='avia-section main_color avia-section-default avia-no-border-styling  avia-full-stretch av-section-color-overlay-active avia-bg-style-scroll  avia-builder-el-0  el_before_av_section  avia-builder-el-first   av-minimum-height av-minimum-height-custom  container_wrap fullsize' style='background-repeat: no-repeat; background-image: url(https:\/\/www.notariasagrarioalvarez.com\/wp-content\/uploads\/2018\/05\/hero-blurred.jpg);background-attachment: scroll; background-position: center center;  '  data-section-bg-repeat='stretch'><div class='av-section-color-overlay-wrap'><div class='av-section-color-overlay' style='opacity: 0.6; background-color: #2a542e; '><\/div><div class='container' style='height:230px'><main  role=\"main\" itemprop=\"mainContentOfPage\"  class='template-page content  av-content-full alpha units'><div class='post-entry post-entry-type-page post-entry-824'><div class='entry-content-wrapper clearfix'>\n<div class=\"flex_column av_one_full  av-animated-generic left-to-right  flex_column_div av-zero-column-padding first  avia-builder-el-1  avia-builder-el-no-sibling  \" style='margin-top:0px; margin-bottom:0px; border-radius:0px; '><div  style='padding-bottom:0px; margin:0 0 0 0; color:#ffffff;font-size:4vw;' class='av-special-heading av-special-heading-h2 custom-color-heading blockquote modern-quote modern-centered  avia-builder-el-2  avia-builder-el-no-sibling  av-inherit-size '><h2 class='av-special-heading-tag '  itemprop=\"headline\"  >La Notar\u00eda<\/h2><div class='special-heading-border'><div class='special-heading-inner-border' style='border-color:#ffffff'><\/div><\/div><\/div><\/div>\n\n<\/div><\/div><\/main><!-- close content main element --><\/div><\/div><\/div><div id='av_section_2'  class='avia-section main_color avia-section-huge avia-no-border-styling  avia-bg-style-scroll  avia-builder-el-3  el_after_av_section  avia-builder-el-last   container_wrap fullsize' style=' '  ><div class='container' ><div class='template-page content  av-content-full alpha units'><div class='post-entry post-entry-type-page post-entry-824'><div class='entry-content-wrapper clearfix'>\n<div class=\"flex_column av_one_full  av-animated-generic left-to-right  flex_column_div av-zero-column-padding first  avia-builder-el-4  el_before_av_hr  avia-builder-el-first  \" style='margin-top:0px; margin-bottom:0px; border-radius:3px; '><section class=\"av_textblock_section \"  itemscope=\"itemscope\" itemtype=\"https:\/\/schema.org\/CreativeWork\" ><div class='avia_textblock  '   itemprop=\"text\" ><p>En la <a href=\"\/?p=p9533\"><strong>Notar\u00eda de Mar\u00eda Sagrario \u00c1lvarez Jim\u00e9nez<\/strong><\/a> estamos dotados de los equipos, programas inform\u00e1ticos, medios humanos y t\u00e9cnicos necesarios para el adecuado ejercicio de la funci\u00f3n notarial.<\/p>\n<\/div><\/section><\/div><div  style=' margin-top:50px; margin-bottom:65px;'  class='hr hr-custom hr-center hr-icon-yes   avia-builder-el-6  el_after_av_one_full  el_before_av_one_third '><span class='hr-inner   inner-border-av-border-thin' style=' width:50px; border-color:#d3d3d3;' ><span class='hr-inner-style'><\/span><\/span><span class='av-seperator-icon' style='color:#072f4c;' aria-hidden='true' data-av_icon='\uf119' data-av_iconfont='justice'><\/span><span class='hr-inner   inner-border-av-border-thin' style=' width:50px; border-color:#d3d3d3;' ><span class='hr-inner-style'><\/span><\/span><\/div>\n<div class='flex_column_table av-equal-height-column-flextable -flextable' style='margin-top:0px; margin-bottom:70px; '><div class=\"flex_column av_one_third  av-animated-generic left-to-right  flex_column_table_cell av-equal-height-column av-align-middle first  avia-builder-el-7  el_after_av_hr  el_before_av_two_third  \" style='background:linear-gradient(45deg,#314f45,#2d6347); padding:40px; background-color:#094978; border-radius:3px; '><p><span  class=\"av_font_icon avia_animate_when_visible avia-icon-animate  av-icon-style-  avia-icon-pos-center \" style=\"color:#ffffff; border-color:#ffffff;\"><span class='av-icon-char' style='font-size:70px;line-height:70px;' aria-hidden='true' data-av_icon='\uf101' data-av_iconfont='justice' ><\/span><\/span><br \/>\n<div  style='padding-bottom:10px; margin-top:25; color:#ffffff;' class='av-special-heading av-special-heading-h2 custom-color-heading blockquote modern-quote modern-centered  avia-builder-el-9  el_after_av_font_icon  el_before_av_textblock  '><h2 class='av-special-heading-tag '  itemprop=\"headline\"  >Notar\u00eda Sagrario \u00c1lvarez<\/h2><div class='special-heading-border'><div class='special-heading-inner-border' style='border-color:#ffffff'><\/div><\/div><\/div><br \/>\n<section class=\"av_textblock_section \"  itemscope=\"itemscope\" itemtype=\"https:\/\/schema.org\/CreativeWork\" ><div class='avia_textblock  av_inherit_color '  style='color:#ffffff; '  itemprop=\"text\" ><p>Si quieres realizar un tr\u00e1mite de mutuo acuerdo con un notario de confianza, <a href=\"\/?p=p6792\">\u00a1pide una cita con nosotros!<\/a><\/p>\n<\/div><\/section><br \/>\n<div  style='height:20px' class='hr hr-invisible   avia-builder-el-11  el_after_av_textblock  el_before_av_button '><span class='hr-inner ' ><span class='hr-inner-style'><\/span><\/span><\/div><br \/>\n<div  class='avia-button-wrap avia-button-center  avia-builder-el-12  el_after_av_hr  avia-builder-el-last ' ><a href='https:\/\/www.notariasagrarioalvarez.com\/index.php\/get-in-touch\/'  class='avia-button av-icon-on-hover  avia-icon_select-yes-right-icon avia-color-custom avia-size-large avia-position-center '  style='background-color:#ffffff; border-color:#ffffff; color:#000000; ' ><span class='avia_iconbox_title' >Contacto<\/span><span class='avia_button_icon avia_button_icon_right' aria-hidden='true' data-av_icon='\ue879' data-av_iconfont='entypo-fontello'><\/span><\/a><\/div><\/p><\/div><div class='av-flex-placeholder'><\/div><div class=\"flex_column av_two_third  av-animated-generic left-to-right  flex_column_table_cell av-equal-height-column av-align-middle   avia-builder-el-13  el_after_av_one_third  avia-builder-el-last  \" style='background: #f7f7f7; padding:40px; background-color:#f7f7f7; border-radius:3px; '><p><div  style='padding-bottom:10px; margin-top:25; ' class='av-special-heading av-special-heading-h2  blockquote modern-quote  avia-builder-el-14  el_before_av_textblock  avia-builder-el-first  '><h2 class='av-special-heading-tag '  itemprop=\"headline\"  >Entre los servicios que se realizan:<\/h2><div class='special-heading-border'><div class='special-heading-inner-border' ><\/div><\/div><\/div><br \/>\n<section class=\"av_textblock_section \"  itemscope=\"itemscope\" itemtype=\"https:\/\/schema.org\/CreativeWork\" ><div class='avia_textblock  '   itemprop=\"text\" ><blockquote>\n<ul>\n<li><strong>Divorcios de mutuo acuerdo<\/strong><\/li>\n<li><strong>Compra venta de inmuebles<\/strong><\/li>\n<li><strong>Constituci\u00f3n, modificaci\u00f3n y liquidaci\u00f3n de todo tipo de sociedades<\/strong><\/li>\n<li><strong>Celebraci\u00f3n de matrimonios (Bodas)<\/strong><\/li>\n<li><strong>Herencias. (Documentaci\u00f3n previa)<\/strong><\/li>\n<\/ul>\n<\/blockquote>\n<ul>\n<li>Certificado literal de defunci\u00f3n.<\/li>\n<li>Certificado de \u00faltimas voluntades.<\/li>\n<li>Copia aut\u00e9ntica del testamento.<\/li>\n<li>Escritura de propiedad del fallecido\/a.<\/li>\n<li>\u00daltimo recibo IBI de las propiedades.<\/li>\n<li>DNI de los herederos.<\/li>\n<li>Certificado de empadronamiento del difunto\/a.<\/li>\n<li>Certificado de los saldos bancarios a fecha del defunci\u00f3n-extractos bancarios de un a\u00f1o.<\/li>\n<li>Certificado de deudas y cargas pendientes a fecha de defunci\u00f3n.<\/li>\n<li>Facturas de gastos ocasionados por el funeral.<\/li>\n<li>Documentaci\u00f3n del veh\u00edculo.<\/li>\n<\/ul>\n<\/div><\/section><\/p><\/div><\/div><!--close column table wrapper. Autoclose: 1 -->\n\n","protected":false},"excerpt":{"rendered":"","protected":false},"author":1,"featured_media":0,"parent":0,"menu_order":0,"comment_status":"closed","ping_status":"closed","template":"","meta":{"footnotes":""},"class_list":["post-824","page","type-page","status-publish","hentry"],"_links":{"self":[{"href":"https:\/\/www.notariasagrarioalvarez.com\/index.php\/wp-json\/wp\/v2\/pages\/824","targetHints":{"allow":["GET"]}}],"collection":[{"href":"https:\/\/www.notariasagrarioalvarez.com\/index.php\/wp-json\/wp\/v2\/pages"}],"about":[{"href":"https:\/\/www.notariasagrarioalvarez.com\/index.php\/wp-json\/wp\/v2\/types\/page"}],"author":[{"embeddable":true,"href":"https:\/\/www.notariasagrarioalvarez.com\/index.php\/wp-json\/wp\/v2\/users\/1"}],"replies":[{"embeddable":true,"href":"https:\/\/www.notariasagrarioalvarez.com\/index.php\/wp-json\/wp\/v2\/comments?post=824"}],"version-history":[{"count":8,"href":"https:\/\/www.notariasagrarioalvarez.com\/index.php\/wp-json\/wp\/v2\/pages\/824\/revisions"}],"predecessor-version":[{"id":930,"href":"https:\/\/www.notariasagrarioalvarez.com\/index.php\/wp-json\/wp\/v2\/pages\/824\/revisions\/930"}],"wp:attachment":[{"href":"https:\/\/www.notariasagrarioalvarez.com\/index.php\/wp-json\/wp\/v2\/media?parent=824"}],"curies":[{"name":"wp","href":"https:\/\/api.w.org\/{rel}","templated":true}]}}